*i**2 - i - 1. What is the remainder when 15 is divided by y(-7)?
3
Let j(y) = 2*y + 4. Suppose 3*n = 5 + 13. Calculate the remainder when 31 is divided by j(n).
15
Let u(c) = 26*c. Let w(z) = 2*z**2 - 10*z + 6. Calculate the remainder when u(2) is divided by w(6).
16
Suppose 0 = -5*o - 4*o + 126. Let g(f) = -2*f. Calculate the remainder when o is divided by g(-4).
6
Suppose 2*r - 4*q - 214 = 0, 5*q - 107 = -r + q. Suppose 2*n + 3*p = r, p - 41 = -2*n + 56. Let j = 81 + -57. What is the remainder when n is divided by j?
22
Suppose 0 = -2*t - t - 3*z + 33, 0 = -5*t - 3*z + 49. Let n = t + 0. Let u(a) = a**3 - 9*a**2 + 9*a + 11. What is the remainder when u(n) is divided by 7?
5
Suppose 5 = 2*o - 15. What is the remainder when 36 is divided by o?
6
Calculate the remainder when ((-42)/(-12) + -4)*26*-13 is divided by 43.
40
Let v(l) = -l**3 - l**2 - 2*l - 2. Let p be v(-2). Suppose 0 = -r + 4*r - p. Calculate the remainder when 37 is divided by r/1*26/4.
11
Suppose 3*y - 2 = 10, -5*y + 19 = -r. Let a(k) be the third derivative of k**6/30 + k**4/12 - k**3/6 + 3*k**2. What is the remainder when 13 is divided by a(r)?
3
Suppose -5*a = s - 7, 2*a = -5*s - 0*s + 12. Let g(n) = 3*n - 7. Calculate the remainder when 1 + (13 - 1/a) is divided by g(4).
3
Let p = 112 - 72. Suppose 1 = 5*n + t + 4, 9 = -4*n - 3*t. Let q(m) = m**2 + 21. Calculate the remainder when p is divided by q(n).
19
Let h = 0 + 4. Let a = -2 - -6. Let i = a - -1. Calculate the remainder when i is divided by h.
1
Suppose -2*b + 2*j - 116 = 3*b, -3*b - 82 = 5*j. Calculate the remainder when (-1914)/(-14) + b/(-84) is divided by 35.
32
Let d be 0 + 0 + (1 - -1). Let f(h) = -18*h + 1. Calculate the remainder when 292/8 - d/(-4) is divided by f(-1).
18
Let i = 5 + -5. Suppose 5*k + i*k - 130 = 0. Calculate the remainder when k is divided by 14.
12
Let v = 12 - -107. What is the remainder when v is divided by 30?
29
Let b = -83 + 95. Calculate the remainder when 44 is divided by b.
8
Let j(l) be the first derivative of 8*l + 1/2*l**2 + 2. What is the remainder when 15 is divided by j(0)?
7
Suppose -5*j + 3*v - 23 = 0, 0 = -3*j + 2*j - 4*v. Let x(d) = d**2 + 4*d + 5. What is the remainder when (-2 - (7 - 0))/(-1) is divided by x(j)?
4
Suppose 9*n - 116 = 5*n. Suppose a = -a + 20. Calculate the remainder when n is divided by a.
9
Suppose -4 = 2*b + 2. Let m be (-7)/(-2) + b/6. Suppose -5*s = w - 29, -5*s + m*w - 4 = -17. What is the remainder when s is divided by 2?
1
Let s(j) = -6*j + 5. Let d(p) = -5*p + 6. Let m(g) = 5*d(g) - 4*s(g). Calculate the remainder when (3/(-6))/(2/(-24)) is divided by m(6).
2
Let j be 1*1/2*34. Suppose j - 131 = -2*k - c, -3*c + 168 = 3*k. Calculate the remainder when k is divided by 15.
13
Let l = 180 - 134. What is the remainder when l is divided by 16?
14
Let h(i) = -4*i - 3. Let m = 31 + 37. Suppose 5*f = 3*c - m, 4*f = 4*c - 0 - 96. What is the remainder when c is divided by h(-3)?
8
Let q(y) = 3*y. Let n be q(1). Calculate the remainder when 6/(-3) + n - -8 is divided by 5.
4
Let i(m) = 8*m**2 - m. Let x = -106 - -162. Suppose -2*g - 2*g - 2*r + 40 = 0, -4*g + 2*r + x = 0. What is the remainder when i(-2) is divided by g?
10
Suppose a + 4*a = 5*v - 25, -4*a + v = 11. Let d(j) = 3*j**2 + 2*j - 2. Let t be d(a). Suppose -2*n = -t - 8. What is the remainder when n is divided by 5?
2
Suppose 0*f + 2*f + 292 = 2*a, -2*f - 742 = -5*a. What is the remainder when (-2 - 0)*a/(-12) is divided by 13?
12
Let o(w) = -w**3 - 7*w**2 + 3*w + 7. Let a be o(-8). What is the remainder when 23 is divided by (-3)/(-12) - a/(-4)?
11
Suppose 3 = 3*x + 3*t, -2*x + 4*t = -0*t - 20. Suppose p + 2*p - g = 129, 0 = x*g. What is the remainder when p is divided by 22?
21
Suppose 2*r + 6 = -14. Calculate the remainder when 21 is divided by (-74)/(-10) - 6/r.
5
Let s = -24 - -53. Calculate the remainder when 51 is divided by s.
22
Let w(v) = v**3 - 5*v**2 - v - 8. Let y be w(6). Suppose 2*a = 5*s + y, -3*s - 12 = -0*a - a. Let o = 19 + -3. Calculate the remainder when o is divided by a.
4
What is the remainder when -9 + 13 + (-3)/(-1) is divided by 2?
1
Suppose 3*n + 2*n = 0. Suppose n*l - 2*l = -8. What is the remainder when 11 is divided by l?
3
Suppose -4*k - 3*u + 36 = 0, 11 + 15 = 5*k - u. Let i(y) = -y**3 + 6*y**2 - 3*y. What is the remainder when i(5) is divided by k?
4
Let h = -5 - -2. Let w be 46 + (h - 0) + 2. Calculate the remainder when 4/18 + 2555/w is divided by 15.
12
Suppose 4*j - 30 = -6. Let z = 23 + j. Let d = z - 16. Calculate the remainder when d is divided by 7.
6
Suppose 530 = 14*z + 166. Calculate the remainder when z is divided by 8.
2
Let u(s) = s**2 - 9*s + 10. Suppose 0 = -2*l + 11 + 9. Calculate the remainder when 38 is divided by u(l).
18
Let w = 7 - -6. Calculate the remainder when 20/(1 + 3/(-5)) is divided by w.
11
Suppose 0 = -0*m + m. Suppose -6*u + u = m. Suppose -b - 3*b + 40 = u. Calculate the remainder when b is divided by 4.
2
Let l = 18 + 22. Let k(v) = -v**2 + 6*v + 8. Let i be k(7). Calculate the remainder when l is divided by 23/i + 0 + -2.
19
Let g(i) = 16*i - 7. Let o be g(7). Let b = o + -52. What is the remainder when b is divided by 18?
17
Let o(y) = -y**2 - y**3 + 1 - 2*y + 2*y + 2*y**2. What is the remainder when 24 is divided by o(-2)?
11
Let j(z) = -z**3 + 15*z**2 - 12*z + 39. What is the remainder when j(14) is divided by 20?
7
Let a = -13 + 16. What is the remainder when a is divided by 3?
0
Suppose -2*y + 0*s + 26 = s, 4*y - 4*s = 76. Suppose -j = 2*j - y. What is the remainder when 18 is divided by (-4)/j*50/(-4)?
8
Let x(p) = -2*p + 13. Calculate the remainder when 24 is divided by x(0).
11
Suppose f - 2 = 15. Let a = 522 - 262. Suppose -a = -i - 3*i. Calculate the remainder when i is divided by f.
14
Suppose 13*u - 780 = -0*u. Calculate the remainder when u is divided by 34.
26
Suppose -46 = -3*r - 2*r + 3*b, -5*b + 15 = 0. Suppose 4*n - r - 113 = 0. Calculate the remainder when 92 is divided by n.
30
Let h(o) be the third derivative of o**4/12 + 2*o**3/3 + 2*o**2. What is the remainder when 30 is divided by h(6)?
14
Suppose 3*k - 4*t = 4*k - 24, -3*k + 5*t + 4 = 0. Calculate the remainder when 20 is divided by k.
4
Let i = -67 - -77. Calculate the remainder when 48 is divided by i.
8
Suppose -3*c + 89 - 5 = 0. Suppose 0 = 2*z + c - 96. Calculate the remainder when z is divided by 9.
7
Suppose -315 - 25 = -4*o. What is the remainder when o is divided by (0 + 20 - 9)*1*2?
19
What is the remainder when 31 is divided by 1*(2 + -3) + 10?
4
Suppose 3*p - 4*p + 28 = 0. What is the remainder when 53 is divided by p?
25
Suppose 0 = 55*f - 54*f + 11. Let k be (-3)/(-1*(-2)/(-10)). Let v = f + k. Calculate the remainder when 6 is divided by v.
2
What is the remainder when 188 is divided by 1/((-1 + 7)/228)?
36
Let g(v) = 24*v**3 - 2*v**2 - v - 2. Let o be g(2). Suppose -4*c - c = -o. Let k = c + -19. What is the remainder when k is divided by 6?
5
Let v(s) = 3*s**2 - 12*s**2 - 4*s**3 + 4*s**3 - s - s**3. Calculate the remainder when v(-9) is divided by 5.
4
Calculate the remainder when 10/2 - (6 + -6) is divided by 4.
1
Suppose 10*m = -4 + 94. Calculate the remainder when 33 is divided by m.
6
Let l be (-3 + 1)/(7/(-14)). Calculate the remainder when 29 is divided by l/(-6) + (-188)/(-12).
14
Let g(u) = u - 10. Let q be g(8). What is the remainder when 43 is divided by (2*(-15)/q)/1?
13
Let n = 11 - 7. What is the remainder when -6*(n/(-3) + 0) is divided by 3?
2
Let t(i) = 2*i**2 - 6*i. Let a be t(4). Suppose 4*l = -18 + 6, -c - 4*l = a. Suppose -c*s + 23 + 9 = 0. What is the remainder when 14 is divided by s?
6
Suppose -6 = 2*z, -1 = -2*a + 4*z + 11. Suppose -4*w = -3*w + 2*h + 6, 3*h - 9 = a. What is the remainder when (28/w)/((-2)/12) is divided by 8?
6
Let n = 7 + 5. What is the remainder when 59 is divided by n?
11
Suppose 2*m = -4*z + 230, 5*z - 286 = -m - 2*m. Calculate the remainder when z is divided by 16.
11
Suppose -27 = -n - d, -5*d + 24 = 2*n - 30. Calculate the remainder when n is divided by 7.
6
Let y = -1 + 3. Suppose -y*r - 15 = -5*z, -4*r = 3*z - z - 6. Let t(l) = l**2 + 4*l. Calculate the remainder when t(-5) is divided by z.
2
Let u(s) = -3*s**3 - s**2 + 14 - 12 + 2*s - 2*s**3. Calculate the remainder when 5 is div